 and 144.
18
Suppose -g - 2*g = -45. Let l = 318 - 183. Calculate the highest common factor of g and l.
15
Suppose -5*y - 2*k - 3*k = -295, -k = 5*y - 275. Calculate the greatest common divisor of y and 135.
27
Let m = 35 - 23. Calculate the highest common divisor of m and 30.
6
Let y(v) = v**3 - 8*v**2 + 11*v - 8. Let q be y(8). What is the greatest common factor of q and 60?
20
Let s be (-3 + 19)/(3 - 2). Suppose -z + s = 3*z. Let c(y) = -y**3 + 5*y**2 - 3*y + 2. Let g be c(z). Calculate the greatest common factor of g and 48.
6
Let u = 12 + 9. Let s be 14*(0 + (-2 - -1)). Let m be ((-2)/(-4))/((-1)/s). What is the greatest common factor of m and u?
7
Let s = -28 - -47. What is the highest common divisor of 19 and s?
19
Let n be (-4)/5*(-10)/4. Let w = n + 0. Suppose -4*i + 2*h = -82, -15 = w*i + 4*h - 71. What is the greatest common factor of i and 2?
2
Let r = -3 + 5. Let c be (1 - -1)*(-1)/r. Let j = c - -10. Calculate the highest common divisor of 72 and j.
9
Let w = -10 + 54. What is the highest common divisor of 110 and w?
22
Let o(i) = 15*i + 5. Let z be o(5). Calculate the greatest common divisor of z and 32.
16
Let n be (-320)/(-18) + 4/18. Suppose 2*u + 5*x - n = 0, -2*x + 6*x = 3*u - 4. Suppose -6 = -q + 14. Calculate the greatest common factor of q and u.
4
Suppose 5*z = -274 + 704. Suppose -z = -2*i + 18. What is the greatest common factor of 13 and i?
13
Let z(x) = x**3 - 6*x**2 + 5*x + 4. Let c = 0 + 5. Let t be z(c). Suppose 0 = -t*v + 6 + 6. What is the highest common factor of v and 1?
1
Let r = -309 - -439. Let v be (-12864)/(-56) - 4/(-14). Let w = v - r. Calculate the greatest common factor of w and 20.
20
Let s = 24 + -20. Suppose s*j + 56 = 4*p, 0 = -p - 4*j + 3*j + 4. Calculate the highest common divisor of p and 1.
1
Suppose -o + 0*o + 108 = 3*i, 0 = -2*i. Let z = o - 64. Let b = -23 + z. What is the greatest common divisor of b and 14?
7
Let s be ((-72)/(-21))/((-3)/(-21)). Calculate the greatest common factor of s and 60.
12
Let p = 27 + -16. Suppose -2*r = -r - p. Let w be (-2)/3 + (-105)/(-9). What is the highest common factor of r and w?
11
Suppose 5*s - 40 = -0*s. Let b(a) = -s*a + 0*a + a. Let x be b(-9). What is the greatest common divisor of 7 and x?
7
Let h be (0 + 2)*(-6)/(-4). Let z = -3 + h. Suppose z = 3*x - x - 14. Calculate the highest common factor of x and 1.
1
Suppose -1 = -3*c + 3*f - 7, 16 = 4*c + 2*f. Suppose -4 = -s - 2*p, s - 2 = c*s + 5*p. What is the highest common divisor of 16 and s?
8
Suppose 0 = 5*w - 8*w + 18. Let o(v) = 15*v + 3. Let g be o(3). Calculate the highest common factor of g and w.
6
Let l be (4 - 6)*10/(-4). Suppose n + 5 = 0, 0 + 39 = h - 2*n. Suppose 2*q + h = 3*q - l*a, -q = -2*a - 26. Calculate the greatest common factor of q and 3.
3
Let l(x) = -2*x + 16. Let a be l(-8). Let u(o) = -3*o - o**3 + 0 - 7 + 7*o**2 + 4*o. Let t be u(5). Calculate the greatest common factor of a and t.
16
Let r be (0 - 0) + 2 - -53. Suppose -t + 30 = -3*t. Let q = r - t. What is the greatest common factor of q and 28?
14
Let i = -1 + 6. Suppose 3*j - w + i - 22 = 0, 5*w = -4*j - 9. Calculate the highest common factor of j and 8.
4
Let n(o) = 2*o**3 - o**2 - o + 2. Let r be n(2). Let m(p) = -11*p + 9. Let i be m(-9). Calculate the greatest common divisor of r and i.
12
Suppose -3*r - 2*g + 191 = 0, -g - 62 = -r - 2*g. Let s = r - 31. Let a be 4/6*s*6. What is the highest common divisor of a and 18?
18
Suppose -2*j = 2*u - 36, 3*u + 2*u + j = 102. Calculate the highest common factor of 77 and u.
7
Suppose 4*p - 12 = -4. Let n be (p/6)/(1/12). What is the highest common divisor of n and 36?
4
Suppose 5*j = 8 + 7. Calculate the highest common divisor of 15 and j.
3
Suppose 6*h - 8*h = -88. Let s(n) = n**3 + n + 5. Let u be s(0). Suppose 4*q + z = h, -55 = -u*q - 6*z + z. Calculate the highest common divisor of q and 99.
11
Let c(t) = -t**3 + 5*t**2 - 4*t. Let l be c(4). Suppose l = -5*q + 2 + 8. Suppose -2*m = q*m - 320. What is the greatest common factor of m and 10?
10
Let l = 68 - 28. Let r be 8/(-6)*18/(-4). Let g be r - (-2 + (2 - -1)). Calculate the greatest common factor of g and l.
5
Suppose -39 - 33 = -4*n - 2*q, 3*q - 57 = -3*n. Let w be (-34)/(((-20)/8)/5). Calculate the greatest common factor of n and w.
17
Let d = 316 - 226. Calculate the highest common divisor of d and 10.
10
Suppose 0 = -o + 1 + 8. Let h(c) = -c**3 + 4*c**2 - 3*c + 1. Let k be h(3). What is the greatest common factor of o and k?
1
Let i(y) = -9*y + 5. Let b be i(-11). Calculate the greatest common factor of b and 13.
13
Suppose 0 = 5*t - 7 + 37. Let u(v) = -v - 9. Let i be u(t). Let s(c) = -c + 2. Let o be s(i). What is the greatest common factor of o and 10?
5
Let g be (-1 - 1)/(-4 - (-10)/5). Let u = -3 - -2. Let a = u - -2. Calculate the greatest common divisor of a and g.
1
Let z be ((-54)/(-15))/(((-16)/20)/(-2)). What is the greatest common divisor of 36 and z?
9
Suppose -4*u = u - 15. Suppose -u*t + 42 = -60. What is the highest common factor of t and 51?
17
Suppose -30 = -5*y - 5. Suppose 5*s + r - 900 = 0, -2*r - 1016 + 116 = -5*s. Suppose -6*t = -2*t - s. Calculate the highest common factor of t and y.
5
Let d(o) = 24*o**3 + 2*o**2 - 2*o + 1. Let l be d(1). What is the highest common divisor of 25 and l?
25
Let z = -12 + 6. Let y be (2/(-5))/(z/(-150)). Let q = y + 52. What is the highest common divisor of 14 and q?
14
Let o be (-4)/(-6)*60/8. Suppose 5*q - 5*r - 23 + 3 = 0, o*q + 4*r - 56 = 0. What is the greatest common factor of q and 2?
2
Suppose 5*i + 3 = 33. Let f = i - -2. What is the highest common divisor of 32 and f?
8
Let i(d) = d**2 + 10*d - 3. Let s be i(-11). Let r be (1 + 0)*(47 - s). Calculate the greatest common divisor of r and 13.
13
Suppose 3*p + 0*p = 15. Suppose -p*y + 521 + 39 = 0. Calculate the greatest common divisor of y and 16.
16
Suppose 4*w - 74 = 5*x, -5*x + 54 = 4*w - 0*x. What is the greatest common factor of 128 and w?
16
Let o(w) = 2*w - 4. Let y be o(3). Suppose y*c = -2*c - 4*u + 24, -c + 4*u = 14. Let k be (1 - -5)/(3/2). What is the highest common factor of k and c?
2
Let h = 62 + 30. Let l be h/20 + 2/5. What is the highest common factor of 20 and l?
5
Let s(d) = -d**3 - 22*d**2 + 23*d + 28. Let p be s(-23). Suppose 2*n - 50 = -3*n. Let a be 424/n + 2/(-5). Calculate the greatest common factor of p and a.
14
Let t(b) = 3*b + 2. Suppose 2*x + 0 = 14. Let s be t(x). Let g(v) = 12*v - 3. Let z be g(6). What is the highest common factor of s and z?
23
Let s = -1 - -1. Suppose -4*g + g + 6 = s. Suppose 3*h + g = 5. What is the highest common divisor of 2 and h?
1
Let r(q) = -6*q**3 + q. Let d be r(-1). Suppose -i - 7 = -0*i + d*h, 0 = -2*i - 4*h + 10. Let x = -101 + 192. Calculate the highest common factor of i and x.
13
Let k(g) = -16*g + 12. Let w be k(-2). Let c(h) = 2*h**2 + 2*h - 2. Let a be c(3). What is the highest common divisor of w and a?
22
Let i(c) = c - 1. Let s be i(3). Let k = s + 4. Let r be (-10)/(-6) + k/(-9). Calculate the highest common factor of 1 and r.
1
Let s(d) = -d. Let r be s(-4). Let i be (-6)/r*(-1 - 7). Calculate the highest common factor of i and 132.
12
Suppose o = -3*o + 168. What is the highest common divisor of o and 7?
7
Let w be (-27)/(-15)*(-10)/(-3). Calculate the greatest common factor of w and 15.
3
Suppose -3*s + 15 = 0, u = -3*s - 11 + 45. Calculate the highest common factor of u and 171.
19
Suppose -5*h - 4*t + t + 522 = 0, 4*h - 4*t - 392 = 0. Calculate the highest common factor of h and 17.
17
Suppose -2*o - 2*p = -216, 3*o - 5*p - 250 - 90 = 0. Calculate the greatest common divisor of 10 and o.
10
Suppose -9 = -a + 6. Calculate the highest common factor of a and 105.
15
Suppose -i + 528 = 3*i. Suppose -a + 3*m = a - 84, -3*m - i = -3*a. Let b(j) = -3*j - 6. Let g be b(-4). Calculate the highest common divisor of a and g.
6
Let x(n) = -2*n**3 - 4*n**2 - 5*n - 3. Let t be x(-4). Calculate the greatest common divisor of 9 and t.
9
Let x = -2 - -25. Suppose -s = -4*l - 30, l + x = s - 1. Let m(v) = 34*v**2 + 2*v + 1. Let b be m(-1). What is the greatest common factor of s and b?
11
Let f(s) = -15*s + 3 - 1 - 7. Let h be f(-5). Calculate the highest common divisor of 14 and h.
14
Let s = -30 - -50. Let d be 1*(4/(-2) + s). Wh